{"id":3610,"date":"2013-05-24T19:42:07","date_gmt":"2013-05-24T19:42:07","guid":{"rendered":"http:\/\/theme-fusion.com\/avadaxml\/?page_id=3610"},"modified":"2022-12-15T10:49:45","modified_gmt":"2022-12-15T09:49:45","slug":"home-page-13","status":"publish","type":"page","link":"http:\/\/www.pmlangelonovelli.it\/","title":{"rendered":"Home"},"content":{"rendered":"\n<div id=\"\" class=\"fullwidth-box\" style=\"background-color:;background-image:url();background-repeat:no-repeat;background-position:top left;background-attachment:scroll;border-top:0px solid #f6f6f6;border-bottom:0px solid #f6f6f6;padding-top:20px;padding-bottom:0px;-webkit-background-size: cover;-moz-background-size: cover;-o-background-size: cover;background-size: cover;\"><div class=\"avada-row\">\n<style type='text\/css'>\n\t\t#content-boxes-1 article.col{background-color:#f6f6f6 !important;}\n\t\t#content-boxes-1 .fontawesome-icon.circle-yes{color:#ffffff !important;background-color:#333333 !important;border-color: #333333 !important;}\n\t\t#content-boxes-1 a:hover .fontawesome-icon.circle-yes{background-color: #e9a825 !important;border-color:#e9a825 !important;}\n\t\t<\/style><section class=\"clearfix columns content-boxes content-boxes-icon-boxed columns-3\" id=\"content-boxes-1\">\n<article class=\"col\"><div class=\"heading heading-and-icon\"><i class=\"fontawesome-icon medium circle-yes icon-thumbs-up\" ><\/i><h2>Provveditoria Navale<\/h2><\/div><div class=\"col-content-container \">La Provveditoria Marittima Ligure Angelo Novelli s.r.l. \u00e8 in grado di rispondere alle esigenze dei pi\u00f9 importanti operatori internazionali negli ambiti Cargo, Cruise e Ferries, supportando inoltre le attivit\u00e0 di catering On e Off Shore e la ristorazione di grandi dimensioni.\u00a0<span class=\"tooltip-shortcode\"><strong>E&#8217; in grado di soddisfare le esigenze di ogni tipo di nave<\/strong><span class=\"popup\">\n\t\t<span class=\"holder\">\n\t\t\t<span><\/span>\n\t\t<\/span>\n\t<\/span><\/span>, presso i porti di tutta Italia ed Europa, grazie a collaudate tecniche operative.<\/div><\/article>\n<article class=\"col\"><div class=\"heading heading-and-icon\"><i class=\"fontawesome-icon medium circle-yes icon-anchor\" ><\/i><h2>Catering Navale<\/h2><\/div><div class=\"col-content-container \">Navi Cargo, Navi cisterna, Navi Traghetto e mercantili di ogni tipo;\u00a0in un settore come quello del trasporto marittimo, dove le navi hanno dimensioni sempre pi\u00f9 grandi e gli equipaggi sono sempre pi\u00f9 ridotti,\u00a0<span class=\"tooltip-shortcode\"><strong>la nostra esperienza diventa sempre pi\u00f9 importante.<\/strong><span class=\"popup\">\n\t\t<span class=\"holder\">\n\t\t\t<span><\/span>\n\t\t<\/span>\n\t<\/span><\/span> Il Collaudato sistema di Catering Navale \u00e8 garanzia di efficienza, qualit\u00e0 ed economia di gestione per l\u2019armatore.<\/p>\n<\/div><\/article>\n<article class=\"col\"><div class=\"heading heading-and-icon\"><i class=\"fontawesome-icon medium circle-yes icon-refresh\" ><\/i><h2>Import\/Export <\/h2><\/div><div class=\"col-content-container \">\n<p>Ci occupiamo anche di importare, esportare e facilitare\u00a0la gestione logistica dei prodotti alimentari e di macchina e coperta. Tanto per quanto concerne la fornitura generale di materiali, cos\u00ec come per l\u2019approvvigionamento alimentare, \u00a0<span class=\"tooltip-shortcode\"><strong>la Provveditoria Marittima Ligure Angelo Novelli s.r.l.<\/strong><span class=\"popup\">\n\t\t<span class=\"holder\">\n\t\t\t<span>none<\/span>\n\t\t<\/span>\n\t<\/span><\/span> pu\u00f2 fornire, direttamente dai propri magazzini tutte le principali coste europee. <\/div><\/article>\n<\/section>\n<div class=\"clearboth\"><\/div><div class=\"demo-sep sep-none\" style=\"margin-top:-25px;\"><\/div>\n<\/div><\/div>\n<div id=\"\" class=\"fullwidth-box\" style=\"background-color:#f8f8f8;background-image:url();background-repeat:no-repeat;background-position:top left;background-attachment:fixed;border-top:1px solid #e5e4e4;border-bottom:1px solid #e5e4e4;padding-top:25px;padding-bottom:0px;-webkit-background-size: cover;-moz-background-size: cover;-o-background-size: cover;background-size: cover;\"><div class=\"avada-row\"><\/div><\/div>\n<style type='text\/css'>#reading-box-container-1 .tagline-shadow:before,#reading-box-container-1 .tagline-shadow:after{opacity:0.7;}<\/style><div class=\"reading-box-container clearfix\" id=\"reading-box-container-1\"><section class=\"reading-box tagline-shadow\" style=\"background-color:#ffffe0 !important;border-width:1px;border-color:#e5e4e4!important;border-left-width:3px !important;border-left-color:#e9a825!important;border-style:solid;\"><a href=\"http:\/\/www.pmlangelonovelli.it\/?page_id=86\" target=\"\" class=\"continue button large default\">Per Contatti<\/a><h2>Benvenuti nel sito della Provveditoria Marittima Ligure Angelo Novelli<\/h2><p>Per qualsiasi Vs esigenza, informazione, richiesta di preventivo non esitate a contattarci. <\/p><a href=\"http:\/\/www.pmlangelonovelli.it\/?page_id=86\" target=\"\" class=\"continue mobile-button button large default\">Per Contatti<\/a><\/section><\/div>\n<div class=\"clearboth\"><\/div><div class=\"demo-sep sep-none\" style=\"margin-top:-90px;\"><\/div>\n","protected":false},"excerpt":{"rendered":"","protected":false},"author":1,"featured_media":0,"parent":0,"menu_order":0,"comment_status":"closed","ping_status":"closed","template":"100-width.php","meta":[],"_links":{"self":[{"href":"http:\/\/www.pmlangelonovelli.it\/index.php?rest_route=\/wp\/v2\/pages\/3610"}],"collection":[{"href":"http:\/\/www.pmlangelonovelli.it\/index.php?rest_route=\/wp\/v2\/pages"}],"about":[{"href":"http:\/\/www.pmlangelonovelli.it\/index.php?rest_route=\/wp\/v2\/types\/page"}],"author":[{"embeddable":true,"href":"http:\/\/www.pmlangelonovelli.it\/index.php?rest_route=\/wp\/v2\/users\/1"}],"replies":[{"embeddable":true,"href":"http:\/\/www.pmlangelonovelli.it\/index.php?rest_route=%2Fwp%2Fv2%2Fcomments&post=3610"}],"version-history":[{"count":76,"href":"http:\/\/www.pmlangelonovelli.it\/index.php?rest_route=\/wp\/v2\/pages\/3610\/revisions"}],"predecessor-version":[{"id":4983,"href":"http:\/\/www.pmlangelonovelli.it\/index.php?rest_route=\/wp\/v2\/pages\/3610\/revisions\/4983"}],"wp:attachment":[{"href":"http:\/\/www.pmlangelonovelli.it\/index.php?rest_route=%2Fwp%2Fv2%2Fmedia&parent=3610"}],"curies":[{"name":"wp","href":"https:\/\/api.w.org\/{rel}","templated":true}]}}