{"id":4753,"date":"2014-10-31T14:43:08","date_gmt":"2014-10-31T13:43:08","guid":{"rendered":"http:\/\/www.pmlangelonovelli.it\/?page_id=4753"},"modified":"2014-11-04T16:38:57","modified_gmt":"2014-11-04T15:38:57","slug":"cosa-facciamo","status":"publish","type":"page","link":"http:\/\/www.pmlangelonovelli.it\/?page_id=4753","title":{"rendered":"Cosa Facciamo"},"content":{"rendered":"<h2>Forniture Navali<\/h2>\n<p>La fornitura navale \u00e8 un servizio che nasce quasi contemporaneamente allo sviluppo del traffico marittimo e che si avvale oggi delle pi\u00f9 moderne ed efficienti tecniche logistiche.<br \/>\nLa Provveditoria Marittima Ligure Angelo Novelli s.r.l. \u00e8 in grado di soddisfare le esigenze di ogni tipo di nave, presso i porti di tutta Italia ed Europa, grazie a collaudate tecniche operative.<br \/>\nLa Provveditoria Marittima Ligure Angelo Novelli s.r.l. \u00e8 in grado di rispondere alle esigenze dei pi\u00f9 importanti operatori internazionali negli ambiti Cargo, Cruise e Ferries; inoltre supporta le attivit\u00e0 di catering On e Off Shore e la ristorazione di grandi dimensioni.<\/p>\n<h2>Yacht Supply<\/h2>\n<p>La Provveditoria Marittima Ligure Angelo Novelli s.r.l., forte della consolidata esperienza nelle forniture navali, propone un servizio di approvvigionamento di alto livello qualitativo per gli yatch e mega-yacht in transito a Genova.<br \/>\nUn servizio completo: un eccellente assortimento che copre prodotti locali, nazionali ed internazionali di tutte le categorie merceologiche unito alla capacit\u00e0 di evadere richieste extra-ordinarie in tempi brevissimi.<\/p>\n<h2>Catering Navale <\/h2>\n<p>Navi Cargo, Navi Cisterna, Navi Traghetto e Mercantili di ogni tipo; in un settore come quello del trasporto marittimo, dove le navi hanno dimensioni sempre pi\u00f9 grandi e gli equipaggi sono sempre pi\u00f9 ridotti, l\u2019esperienza della Provveditoria Marittima Ligure Angelo Novelli s.r.l. diventa sempre pi\u00f9 importante.<br \/>\nIl Collaudato sistema di Catering Navale della Provveditoria Marittima Ligure Angelo Novelli s.r.l. \u00e8 garanzia di efficienza, qualit\u00e0 ed economia di gestione per l\u2019armatore.<\/p>\n<h2>Ristorazione Commerciale e Retail.<\/h2>\n<p>La Provveditoria Marittima Ligure Angelo Novelli s.r.l. offre un\u2019ampia gamma di servizi, in base alla tipologia e alla tratta del traghetto. La stretta collaborazione con l\u2019armatore permettono la definizione ottimale di tutte le attivit\u00e0 di ristorazione commerciale e retail, al fine di massimizzare il giro d\u2019affari e la redditivit\u00e0.<br \/>\nLo stesso modello orientato alla soddisfazione del consumatore, permette di offrire servizi di catering di eccellente qualit\u00e0.<\/p>\n<h2>Import\/Export <\/h2>\n<p>La Provveditoria Marittima Ligure Angelo Novelli s.r.l. si occupa anche di importare, esportare e facilitare la gestione logistica di svariati materiali e prodotti.<br \/>\nTanto per quanto concerne la fornitura generale di materiali, cos\u00ec come per l\u2019approvvigionamento alimentare, La Provveditoria Marittima Ligure Angelo Novelli s.r.l. pu\u00f2 fornire, direttamente dai propri magazzini, i principali porti europei.<br \/>\nPer la Provveditoria Marittima Ligure Angelo Novelli s.r.l. movimentare le merci in modo efficiente \u00e8 una necessit\u00e0.<br \/>\nSelezioniamo i prodotti migliori e prepariamo container rispettando le esigenze di trasporto di ogni singolo prodotto e prendendoci cura in modo diretto di tutte le certificazioni necessarie, doganali e sanitarie.<br \/>\nAbbiamo cos\u00ec strutturato una macchina organizzativa che si rileva estremamente efficiente nel soddisfare le richieste che ci pervengono sempre pi\u00f9 numerose.<\/p>\n","protected":false},"excerpt":{"rendered":"<p>Forniture Navali La fornitura navale \u00e8 un servizio che nasce quasi contemporaneamente allo sviluppo del traffico marittimo e che si avvale oggi delle pi\u00f9 moderne ed efficienti tecniche logistiche. La Provveditoria Marittima Ligure Angelo Novelli s.r.l. \u00e8 in grado di soddisfare le esigenze di ogni tipo di nave, presso i porti di tutta Italia ed [&hellip;]<\/p>\n","protected":false},"author":1,"featured_media":0,"parent":0,"menu_order":0,"comment_status":"open","ping_status":"open","template":"","meta":[],"_links":{"self":[{"href":"http:\/\/www.pmlangelonovelli.it\/index.php?rest_route=\/wp\/v2\/pages\/4753"}],"collection":[{"href":"http:\/\/www.pmlangelonovelli.it\/index.php?rest_route=\/wp\/v2\/pages"}],"about":[{"href":"http:\/\/www.pmlangelonovelli.it\/index.php?rest_route=\/wp\/v2\/types\/page"}],"author":[{"embeddable":true,"href":"http:\/\/www.pmlangelonovelli.it\/index.php?rest_route=\/wp\/v2\/users\/1"}],"replies":[{"embeddable":true,"href":"http:\/\/www.pmlangelonovelli.it\/index.php?rest_route=%2Fwp%2Fv2%2Fcomments&post=4753"}],"version-history":[{"count":6,"href":"http:\/\/www.pmlangelonovelli.it\/index.php?rest_route=\/wp\/v2\/pages\/4753\/revisions"}],"predecessor-version":[{"id":4944,"href":"http:\/\/www.pmlangelonovelli.it\/index.php?rest_route=\/wp\/v2\/pages\/4753\/revisions\/4944"}],"wp:attachment":[{"href":"http:\/\/www.pmlangelonovelli.it\/index.php?rest_route=%2Fwp%2Fv2%2Fmedia&parent=4753"}],"curies":[{"name":"wp","href":"https:\/\/api.w.org\/{rel}","templated":true}]}}