{"id":4757,"date":"2014-10-31T14:56:11","date_gmt":"2014-10-31T13:56:11","guid":{"rendered":"http:\/\/www.pmlangelonovelli.it\/?page_id=4757"},"modified":"2014-11-05T09:41:24","modified_gmt":"2014-11-05T08:41:24","slug":"chi-siamo","status":"publish","type":"page","link":"http:\/\/www.pmlangelonovelli.it\/?page_id=4757","title":{"rendered":"Chi Siamo"},"content":{"rendered":"<style type='text\/css'>#imageframe-1.imageframe{margin-right:10px;float:left;}#imageframe-1.imageframe img{border:10px solid #ffffff;}\n\t#imageframe-1.imageframe-glow img{\n\t\t-moz-box-shadow: 0 0 3px rgba(255,255,255,.3); \/* outer glow *\/\n\t\t-webkit-box-shadow: 0 0 3px rgba(255,255,255,.3); \/* outer glow *\/\n\t\tbox-shadow: 0 0 3px rgba(255,255,255,.3); \/* outer glow *\/\n\t}\n\t#imageframe-1.imageframe-dropshadow img{\n\t\t-moz-box-shadow: 2px 3px 7px rgba(255,255,255,.3); \/* drop shadow *\/\n\t\t-webkit-box-shadow: 2px 3px 7px rgba(255,255,255,.3); \/* drop shadow *\/\n\t\tbox-shadow: 2px 3px 7px rgba(255,255,255,.3); \/* drop shadow *\/\n\t}\n\t<\/style>\n\t<span id=\"imageframe-1\" class=\"imageframe imageframe-bottomshadow\"><a href=\"http:\/\/www.pmlangelonovelli.it\/wp-content\/uploads\/2012\/07\/blog_5.jpg\"><img decoding=\"async\" class=\"alignnone size-full wp-image-3545\" src=\"http:\/\/www.pmlangelonovelli.it\/wp-content\/uploads\/2014\/10\/0uff02.jpg\" alt=\"blog_opt_3\" width=\"400 height=300\" \/><\/a><span class=\"imageframe-shadow-left\"><\/span><span class=\"imageframe-shadow-right\"><\/span><\/span>\n<p>La Provveditoria Marittima Ligure Angelo Novelli s.r.l., in virt\u00f9 della sua lunga esperienza, \u00e8 oggi una delle maggiori realt\u00e0 nel ramo delle forniture e del catering navale.<br \/>\nDa oltre sessantasette anni l\u2019azienda opera nell\u2019ambito navale con apprezzata seriet\u00e0 e competenza.<br \/>\nL\u2019Angelo Novelli nasce negli anni dell\u2019immediato dopoguerra per merito del suo fondatore Angelo. Subito si afferma nel campo della provveditoria acquisendo importanti settori di mercato. L\u2019attivit\u00e0 viene tramandata a figli,  nipoti e pronipoti che ne ammodernano strutture e capacit\u00e0 manageriali.<br \/>\nNel 1989 incorpora la \u201cProvveditoria Marittima Ligure s.r.l.\u201d, altra prestigiosa azienda di provveditoria, incrementando cos\u00ec il suo parco clientelare. <\/p>\n<style type='text\/css'>#imageframe-2.imageframe{margin-left:10px;float:right;}#imageframe-2.imageframe img{border:10px solid #ffffff;}\n\t#imageframe-2.imageframe-glow img{\n\t\t-moz-box-shadow: 0 0 3px rgba(255,255,255,.3); \/* outer glow *\/\n\t\t-webkit-box-shadow: 0 0 3px rgba(255,255,255,.3); \/* outer glow *\/\n\t\tbox-shadow: 0 0 3px rgba(255,255,255,.3); \/* outer glow *\/\n\t}\n\t#imageframe-2.imageframe-dropshadow img{\n\t\t-moz-box-shadow: 2px 3px 7px rgba(255,255,255,.3); \/* drop shadow *\/\n\t\t-webkit-box-shadow: 2px 3px 7px rgba(255,255,255,.3); \/* drop shadow *\/\n\t\tbox-shadow: 2px 3px 7px rgba(255,255,255,.3); \/* drop shadow *\/\n\t}\n\t<\/style>\n\t<span id=\"imageframe-2\" class=\"imageframe imageframe-bottomshadow\"><a href=\"http:\/\/www.pmlangelonovelli.it\/wp-content\/uploads\/2012\/07\/blog_5.jpg\"><img decoding=\"async\" class=\"alignnone size-full wp-image-3545\" src=\"http:\/\/www.pmlangelonovelli.it\/wp-content\/uploads\/2014\/11\/0uff03.jpg\" alt=\"blog_opt_3\" width=\"400 height=300\" \/><\/a><span class=\"imageframe-shadow-left\"><\/span><span class=\"imageframe-shadow-right\"><\/span><\/span>\n<p>Siamo un\u2019organizzazione rodata ed efficiente, attrezzata per rifornire navi di ogni tipo, con una vasta scelta di merci in pronta consegna, alimenti secchi, freschi e congelati; generi di macchina, coperta e cabina; pezzi di ricambio; prodotti Duty-Free.<\/p>\n<p>Siamo costantemente alla ricerca dell ottimizzazione dei processi di approvvigionamento, per ridurre tempistiche e sprechi. La nostra attivit\u00e0 non si basa semplicemente nell\u2019acquisto e nella vendita di merci, ma il nostro business consiste nell&#8217;offrire un servizio attento alle esigenze del cliente; infatti la qualit\u00e0 e l\u2019affidabilit\u00e0 dei nostri servizi sono il valore aggiunto sia durante che dopo l\u2019esercizio delle nostre attivit\u00e0. Ci proponiamo anche come partner unici per la risoluzione di ogni problema legato agli approvvigionamenti, di qualsiasi merce o ricambio.<\/p>\n<style type='text\/css'>#imageframe-3.imageframe{margin-right:10px;float:left;}#imageframe-3.imageframe img{border:10px solid #ffffff;}\n\t#imageframe-3.imageframe-glow img{\n\t\t-moz-box-shadow: 0 0 3px rgba(255,255,255,.3); \/* outer glow *\/\n\t\t-webkit-box-shadow: 0 0 3px rgba(255,255,255,.3); \/* outer glow *\/\n\t\tbox-shadow: 0 0 3px rgba(255,255,255,.3); \/* outer glow *\/\n\t}\n\t#imageframe-3.imageframe-dropshadow img{\n\t\t-moz-box-shadow: 2px 3px 7px rgba(255,255,255,.3); \/* drop shadow *\/\n\t\t-webkit-box-shadow: 2px 3px 7px rgba(255,255,255,.3); \/* drop shadow *\/\n\t\tbox-shadow: 2px 3px 7px rgba(255,255,255,.3); \/* drop shadow *\/\n\t}\n\t<\/style>\n\t<span id=\"imageframe-3\" class=\"imageframe imageframe-bottomshadow\"><a href=\"http:\/\/www.pmlangelonovelli.it\/wp-content\/uploads\/2012\/07\/blog_5.jpg\"><img decoding=\"async\" class=\"alignnone size-full wp-image-3545\" src=\"http:\/\/www.pmlangelonovelli.it\/wp-content\/uploads\/2014\/11\/0uff06.jpg\" alt=\"blog_opt_3\" width=\"400 height=300\" \/><\/a><span class=\"imageframe-shadow-left\"><\/span><span class=\"imageframe-shadow-right\"><\/span><\/span>\n<p>Il nostro approccio \u00e8 finalizzato a rafforzare il legame con i nostri clienti, per consentirci di creare relazioni a lungo termine fondate su competenza, partecipazione e fiducia reciproca. I nostri magazzini e uffici operativi sono ubicati di fronte alla Lanterna, nel cuore del porto di Genova; con i nostri mezzi possiamo coprire con la massima efficienza e a costi di trasporto ridotti tutti i porti italiani ed europei. Per soddisfare le esigenze della nostra clientela, teniamo regolarmente in stock prodotti alimentari congelati, freschi e secchi. Inoltre in base alle vostre esigenze,\u00a0possiamo formulare rapidi e completi preventivi anche per richieste di materiale tecnico relativo al settore macchina, coperta e cabina.<\/p>\n","protected":false},"excerpt":{"rendered":"<p>La Provveditoria Marittima Ligure Angelo Novelli s.r.l., in virt\u00f9 della sua lunga esperienza, \u00e8 oggi una delle maggiori realt\u00e0 nel ramo delle forniture e del catering navale. Da oltre sessantasette anni l\u2019azienda opera nell\u2019ambito navale con apprezzata seriet\u00e0 e competenza. L\u2019Angelo Novelli nasce negli anni dell\u2019immediato dopoguerra per merito del suo fondatore Angelo. Subito si [&hellip;]<\/p>\n","protected":false},"author":1,"featured_media":0,"parent":0,"menu_order":0,"comment_status":"open","ping_status":"open","template":"","meta":[],"_links":{"self":[{"href":"http:\/\/www.pmlangelonovelli.it\/index.php?rest_route=\/wp\/v2\/pages\/4757"}],"collection":[{"href":"http:\/\/www.pmlangelonovelli.it\/index.php?rest_route=\/wp\/v2\/pages"}],"about":[{"href":"http:\/\/www.pmlangelonovelli.it\/index.php?rest_route=\/wp\/v2\/types\/page"}],"author":[{"embeddable":true,"href":"http:\/\/www.pmlangelonovelli.it\/index.php?rest_route=\/wp\/v2\/users\/1"}],"replies":[{"embeddable":true,"href":"http:\/\/www.pmlangelonovelli.it\/index.php?rest_route=%2Fwp%2Fv2%2Fcomments&post=4757"}],"version-history":[{"count":19,"href":"http:\/\/www.pmlangelonovelli.it\/index.php?rest_route=\/wp\/v2\/pages\/4757\/revisions"}],"predecessor-version":[{"id":4948,"href":"http:\/\/www.pmlangelonovelli.it\/index.php?rest_route=\/wp\/v2\/pages\/4757\/revisions\/4948"}],"wp:attachment":[{"href":"http:\/\/www.pmlangelonovelli.it\/index.php?rest_route=%2Fwp%2Fv2%2Fmedia&parent=4757"}],"curies":[{"name":"wp","href":"https:\/\/api.w.org\/{rel}","templated":true}]}}